{"id":7321,"date":"2025-02-20T12:14:36","date_gmt":"2025-02-20T11:14:36","guid":{"rendered":"https:\/\/www.groupe-fregate.com\/?page_id=7321"},"modified":"2025-02-20T12:32:59","modified_gmt":"2025-02-20T11:32:59","slug":"fregate-aero-sud-inscription-confirmation-fas-04-2025","status":"publish","type":"page","link":"https:\/\/www.groupe-fregate.com\/fregate-aero-sud-inscription-confirmation-fas-04-2025\/","title":{"rendered":"Inscription confirmation FREGATE AERO SUD"},"content":{"rendered":"\n<p class=\"has-text-align-center colorcell has-subtle-background-background-color has-background\"><strong>Merci pour votre inscription<\/strong><br>Vous allez recevoir un email de confirmation<br>A bient\u00f4t<br>L&rsquo;Equipe FREGATE AREO SUD<\/p>\n\n\n\n<p><strong>FREGATE AERO SUD<\/strong><br>All\u00e9e de Bruxelles &#8211; parc d&rsquo;activit\u00e9s de Signes<br>83870 Signes &#8211; FRANCE<br><strong>T\u00e9l. +33(0)494159718<\/strong><\/p>\n","protected":false},"excerpt":{"rendered":"<p>Merci pour votre inscriptionVous allez recevoir un email de confirmationA bient\u00f4tL&rsquo;Equipe FREGATE AREO SUD FREGATE AERO SUDAll\u00e9e de Bruxelles &#8211; parc d&rsquo;activit\u00e9s de Signes83870 Signes &#8211; FRANCET\u00e9l. +33(0)494159718<\/p>\n","protected":false},"author":2,"featured_media":0,"parent":0,"menu_order":0,"comment_status":"closed","ping_status":"closed","template":"","meta":{"footnotes":""},"class_list":["post-7321","page","type-page","status-publish","hentry"],"yoast_head":"<!-- This site is optimized with the Yoast SEO plugin v27.1.1 - https:\/\/yoast.com\/product\/yoast-seo-wordpress\/ -->\n<title>Inscription confirmation FREGATE AERO SUD - GROUPE FREGATE<\/title>\n<meta name=\"robots\" content=\"index, follow, max-snippet:-1, max-image-preview:large, max-video-preview:-1\" \/>\n<link rel=\"canonical\" href=\"https:\/\/www.groupe-fregate.com\/fregate-aero-sud-inscription-confirmation-fas-04-2025\/\" \/>\n<meta property=\"og:locale\" content=\"fr_FR\" \/>\n<meta property=\"og:type\" content=\"article\" \/>\n<meta property=\"og:title\" content=\"Inscription confirmation FREGATE AERO SUD - GROUPE FREGATE\" \/>\n<meta property=\"og:description\" content=\"Merci pour votre inscriptionVous allez recevoir un email de confirmationA bient\u00f4tL&rsquo;Equipe FREGATE AREO SUD FREGATE AERO SUDAll\u00e9e de Bruxelles &#8211; parc d&rsquo;activit\u00e9s de Signes83870 Signes &#8211; FRANCET\u00e9l. +33(0)494159718\" \/>\n<meta property=\"og:url\" content=\"https:\/\/www.groupe-fregate.com\/fregate-aero-sud-inscription-confirmation-fas-04-2025\/\" \/>\n<meta property=\"og:site_name\" content=\"GROUPE FREGATE\" \/>\n<meta property=\"article:modified_time\" content=\"2025-02-20T11:32:59+00:00\" \/>\n<meta name=\"twitter:card\" content=\"summary_large_image\" \/>\n<meta name=\"twitter:label1\" content=\"Dur\u00e9e de lecture estim\u00e9e\" \/>\n\t<meta name=\"twitter:data1\" content=\"1 minute\" \/>\n<script type=\"application\/ld+json\" class=\"yoast-schema-graph\">{\"@context\":\"https:\/\/schema.org\",\"@graph\":[{\"@type\":\"WebPage\",\"@id\":\"https:\/\/www.groupe-fregate.com\/fregate-aero-sud-inscription-confirmation-fas-04-2025\/\",\"url\":\"https:\/\/www.groupe-fregate.com\/fregate-aero-sud-inscription-confirmation-fas-04-2025\/\",\"name\":\"Inscription confirmation FREGATE AERO SUD - GROUPE FREGATE\",\"isPartOf\":{\"@id\":\"https:\/\/www.groupe-fregate.com\/#website\"},\"datePublished\":\"2025-02-20T11:14:36+00:00\",\"dateModified\":\"2025-02-20T11:32:59+00:00\",\"breadcrumb\":{\"@id\":\"https:\/\/www.groupe-fregate.com\/fregate-aero-sud-inscription-confirmation-fas-04-2025\/#breadcrumb\"},\"inLanguage\":\"fr-FR\",\"potentialAction\":[{\"@type\":\"ReadAction\",\"target\":[\"https:\/\/www.groupe-fregate.com\/fregate-aero-sud-inscription-confirmation-fas-04-2025\/\"]}]},{\"@type\":\"BreadcrumbList\",\"@id\":\"https:\/\/www.groupe-fregate.com\/fregate-aero-sud-inscription-confirmation-fas-04-2025\/#breadcrumb\",\"itemListElement\":[{\"@type\":\"ListItem\",\"position\":1,\"name\":\"Accueil\",\"item\":\"https:\/\/www.groupe-fregate.com\/\"},{\"@type\":\"ListItem\",\"position\":2,\"name\":\"Inscription confirmation FREGATE AERO SUD\"}]},{\"@type\":\"WebSite\",\"@id\":\"https:\/\/www.groupe-fregate.com\/#website\",\"url\":\"https:\/\/www.groupe-fregate.com\/\",\"name\":\"GROUPE FREGATE\",\"description\":\"\",\"publisher\":{\"@id\":\"https:\/\/www.groupe-fregate.com\/#organization\"},\"potentialAction\":[{\"@type\":\"SearchAction\",\"target\":{\"@type\":\"EntryPoint\",\"urlTemplate\":\"https:\/\/www.groupe-fregate.com\/?s={search_term_string}\"},\"query-input\":{\"@type\":\"PropertyValueSpecification\",\"valueRequired\":true,\"valueName\":\"search_term_string\"}}],\"inLanguage\":\"fr-FR\"},{\"@type\":\"Organization\",\"@id\":\"https:\/\/www.groupe-fregate.com\/#organization\",\"name\":\"GROUPE FREGATE\",\"url\":\"https:\/\/www.groupe-fregate.com\/\",\"logo\":{\"@type\":\"ImageObject\",\"inLanguage\":\"fr-FR\",\"@id\":\"https:\/\/www.groupe-fregate.com\/#\/schema\/logo\/image\/\",\"url\":\"https:\/\/www.groupe-fregate.com\/wp-content\/uploads\/2021\/12\/cropped-LOGO-GROUPE-FREGATE-2-2.png\",\"contentUrl\":\"https:\/\/www.groupe-fregate.com\/wp-content\/uploads\/2021\/12\/cropped-LOGO-GROUPE-FREGATE-2-2.png\",\"width\":865,\"height\":274,\"caption\":\"GROUPE FREGATE\"},\"image\":{\"@id\":\"https:\/\/www.groupe-fregate.com\/#\/schema\/logo\/image\/\"}}]}<\/script>\n<!-- \/ Yoast SEO plugin. -->","yoast_head_json":{"title":"Inscription confirmation FREGATE AERO SUD - GROUPE FREGATE","robots":{"index":"index","follow":"follow","max-snippet":"max-snippet:-1","max-image-preview":"max-image-preview:large","max-video-preview":"max-video-preview:-1"},"canonical":"https:\/\/www.groupe-fregate.com\/fregate-aero-sud-inscription-confirmation-fas-04-2025\/","og_locale":"fr_FR","og_type":"article","og_title":"Inscription confirmation FREGATE AERO SUD - GROUPE FREGATE","og_description":"Merci pour votre inscriptionVous allez recevoir un email de confirmationA bient\u00f4tL&rsquo;Equipe FREGATE AREO SUD FREGATE AERO SUDAll\u00e9e de Bruxelles &#8211; parc d&rsquo;activit\u00e9s de Signes83870 Signes &#8211; FRANCET\u00e9l. +33(0)494159718","og_url":"https:\/\/www.groupe-fregate.com\/fregate-aero-sud-inscription-confirmation-fas-04-2025\/","og_site_name":"GROUPE FREGATE","article_modified_time":"2025-02-20T11:32:59+00:00","twitter_card":"summary_large_image","twitter_misc":{"Dur\u00e9e de lecture estim\u00e9e":"1 minute"},"schema":{"@context":"https:\/\/schema.org","@graph":[{"@type":"WebPage","@id":"https:\/\/www.groupe-fregate.com\/fregate-aero-sud-inscription-confirmation-fas-04-2025\/","url":"https:\/\/www.groupe-fregate.com\/fregate-aero-sud-inscription-confirmation-fas-04-2025\/","name":"Inscription confirmation FREGATE AERO SUD - GROUPE FREGATE","isPartOf":{"@id":"https:\/\/www.groupe-fregate.com\/#website"},"datePublished":"2025-02-20T11:14:36+00:00","dateModified":"2025-02-20T11:32:59+00:00","breadcrumb":{"@id":"https:\/\/www.groupe-fregate.com\/fregate-aero-sud-inscription-confirmation-fas-04-2025\/#breadcrumb"},"inLanguage":"fr-FR","potentialAction":[{"@type":"ReadAction","target":["https:\/\/www.groupe-fregate.com\/fregate-aero-sud-inscription-confirmation-fas-04-2025\/"]}]},{"@type":"BreadcrumbList","@id":"https:\/\/www.groupe-fregate.com\/fregate-aero-sud-inscription-confirmation-fas-04-2025\/#breadcrumb","itemListElement":[{"@type":"ListItem","position":1,"name":"Accueil","item":"https:\/\/www.groupe-fregate.com\/"},{"@type":"ListItem","position":2,"name":"Inscription confirmation FREGATE AERO SUD"}]},{"@type":"WebSite","@id":"https:\/\/www.groupe-fregate.com\/#website","url":"https:\/\/www.groupe-fregate.com\/","name":"GROUPE FREGATE","description":"","publisher":{"@id":"https:\/\/www.groupe-fregate.com\/#organization"},"potentialAction":[{"@type":"SearchAction","target":{"@type":"EntryPoint","urlTemplate":"https:\/\/www.groupe-fregate.com\/?s={search_term_string}"},"query-input":{"@type":"PropertyValueSpecification","valueRequired":true,"valueName":"search_term_string"}}],"inLanguage":"fr-FR"},{"@type":"Organization","@id":"https:\/\/www.groupe-fregate.com\/#organization","name":"GROUPE FREGATE","url":"https:\/\/www.groupe-fregate.com\/","logo":{"@type":"ImageObject","inLanguage":"fr-FR","@id":"https:\/\/www.groupe-fregate.com\/#\/schema\/logo\/image\/","url":"https:\/\/www.groupe-fregate.com\/wp-content\/uploads\/2021\/12\/cropped-LOGO-GROUPE-FREGATE-2-2.png","contentUrl":"https:\/\/www.groupe-fregate.com\/wp-content\/uploads\/2021\/12\/cropped-LOGO-GROUPE-FREGATE-2-2.png","width":865,"height":274,"caption":"GROUPE FREGATE"},"image":{"@id":"https:\/\/www.groupe-fregate.com\/#\/schema\/logo\/image\/"}}]}},"_links":{"self":[{"href":"https:\/\/www.groupe-fregate.com\/wpuiuhuxhn4578-json\/wp\/v2\/pages\/7321","targetHints":{"allow":["GET"]}}],"collection":[{"href":"https:\/\/www.groupe-fregate.com\/wpuiuhuxhn4578-json\/wp\/v2\/pages"}],"about":[{"href":"https:\/\/www.groupe-fregate.com\/wpuiuhuxhn4578-json\/wp\/v2\/types\/page"}],"author":[{"embeddable":true,"href":"https:\/\/www.groupe-fregate.com\/wpuiuhuxhn4578-json\/wp\/v2\/users\/2"}],"replies":[{"embeddable":true,"href":"https:\/\/www.groupe-fregate.com\/wpuiuhuxhn4578-json\/wp\/v2\/comments?post=7321"}],"version-history":[{"count":4,"href":"https:\/\/www.groupe-fregate.com\/wpuiuhuxhn4578-json\/wp\/v2\/pages\/7321\/revisions"}],"predecessor-version":[{"id":7337,"href":"https:\/\/www.groupe-fregate.com\/wpuiuhuxhn4578-json\/wp\/v2\/pages\/7321\/revisions\/7337"}],"wp:attachment":[{"href":"https:\/\/www.groupe-fregate.com\/wpuiuhuxhn4578-json\/wp\/v2\/media?parent=7321"}],"curies":[{"name":"wp","href":"https:\/\/api.w.org\/{rel}","templated":true}]}}

<p class="has-text-align-center colorcell has-subtle-background-background-color has-background"><strong>Merci pour votre inscription</strong><br>Vous allez recevoir un email de confirmation<br>A bientôt<br>L&rsquo;Equipe FREGATE AREO SUD</p>



<p><strong>FREGATE AERO SUD</strong><br>Allée de Bruxelles &#8211; parc d&rsquo;activités de Signes<br>83870 Signes &#8211; FRANCE<br><strong>Tél. +33(0)494159718</strong></p>

<p>Merci pour votre inscriptionVous allez recevoir un email de confirmationA bientôtL&rsquo;Equipe FREGATE AREO SUD FREGATE AERO SUDAllée de Bruxelles &#8211; parc d&rsquo;activités de Signes83870 Signes &#8211; FRANCETél. +33(0)494159718</p>

<!-- This site is optimized with the Yoast SEO plugin v27.1.1 - https://yoast.com/product/yoast-seo-wordpress/ -->
<title>Inscription confirmation FREGATE AERO SUD - GROUPE FREGATE</title>
<meta name="robots" content="index, follow, max-snippet:-1, max-image-preview:large, max-video-preview:-1" />
<link rel="canonical" href="https://www.groupe-fregate.com/fregate-aero-sud-inscription-confirmation-fas-04-2025/" />
<meta property="og:locale" content="fr_FR" />
<meta property="og:type" content="article" />
<meta property="og:title" content="Inscription confirmation FREGATE AERO SUD - GROUPE FREGATE" />
<meta property="og:description" content="Merci pour votre inscriptionVous allez recevoir un email de confirmationA bientôtL&rsquo;Equipe FREGATE AREO SUD FREGATE AERO SUDAllée de Bruxelles &#8211; parc d&rsquo;activités de Signes83870 Signes &#8211; FRANCETél. +33(0)494159718" />
<meta property="og:url" content="https://www.groupe-fregate.com/fregate-aero-sud-inscription-confirmation-fas-04-2025/" />
<meta property="og:site_name" content="GROUPE FREGATE" />
<meta property="article:modified_time" content="2025-02-20T11:32:59+00:00" />
<meta name="twitter:card" content="summary_large_image" />
<meta name="twitter:label1" content="Durée de lecture estimée" />
	<meta name="twitter:data1" content="1 minute" />
<script type="application/ld+json" class="yoast-schema-graph">{"@context":"https://schema.org","@graph":[{"@type":"WebPage","@id":"https://www.groupe-fregate.com/fregate-aero-sud-inscription-confirmation-fas-04-2025/","url":"https://www.groupe-fregate.com/fregate-aero-sud-inscription-confirmation-fas-04-2025/","name":"Inscription confirmation FREGATE AERO SUD - GROUPE FREGATE","isPartOf":{"@id":"https://www.groupe-fregate.com/#website"},"datePublished":"2025-02-20T11:14:36+00:00","dateModified":"2025-02-20T11:32:59+00:00","breadcrumb":{"@id":"https://www.groupe-fregate.com/fregate-aero-sud-inscription-confirmation-fas-04-2025/#breadcrumb"},"inLanguage":"fr-FR","potentialAction":[{"@type":"ReadAction","target":["https://www.groupe-fregate.com/fregate-aero-sud-inscription-confirmation-fas-04-2025/"]}]},{"@type":"BreadcrumbList","@id":"https://www.groupe-fregate.com/fregate-aero-sud-inscription-confirmation-fas-04-2025/#breadcrumb","itemListElement":[{"@type":"ListItem","position":1,"name":"Accueil","item":"https://www.groupe-fregate.com/"},{"@type":"ListItem","position":2,"name":"Inscription confirmation FREGATE AERO SUD"}]},{"@type":"WebSite","@id":"https://www.groupe-fregate.com/#website","url":"https://www.groupe-fregate.com/","name":"GROUPE FREGATE","description":"","publisher":{"@id":"https://www.groupe-fregate.com/#organization"},"potentialAction":[{"@type":"SearchAction","target":{"@type":"EntryPoint","urlTemplate":"https://www.groupe-fregate.com/?s={search_term_string}"},"query-input":{"@type":"PropertyValueSpecification","valueRequired":true,"valueName":"search_term_string"}}],"inLanguage":"fr-FR"},{"@type":"Organization","@id":"https://www.groupe-fregate.com/#organization","name":"GROUPE FREGATE","url":"https://www.groupe-fregate.com/","logo":{"@type":"ImageObject","inLanguage":"fr-FR","@id":"https://www.groupe-fregate.com/#/schema/logo/image/","url":"https://www.groupe-fregate.com/wp-content/uploads/2021/12/cropped-LOGO-GROUPE-FREGATE-2-2.png","contentUrl":"https://www.groupe-fregate.com/wp-content/uploads/2021/12/cropped-LOGO-GROUPE-FREGATE-2-2.png","width":865,"height":274,"caption":"GROUPE FREGATE"},"image":{"@id":"https://www.groupe-fregate.com/#/schema/logo/image/"}}]}</script>
<!-- / Yoast SEO plugin. -->

Merci pour votre inscriptionVous allez recevoir un email de confirmationA bientôtL&rsquo;Equipe FREGATE AREO SUD FREGATE AERO SUDAllée de Bruxelles &#8211; parc d&rsquo;activités de Signes83870 Signes &#8211; FRANCETél. +33(0)494159718
